hat is y(-3)?
5
Let a(m) = m**2 - 45*m + 51. What is a(44)?
7
Let u(f) = -1134*f + 49899. Give u(44).
3
Let s(i) = -i**3 - 5*i**2 + 57*i + 160. What is s(-10)?
90
Let c(h) = 7*h**2 - 45*h - 665. Determine c(-7).
-7
Let a(o) = -o**3 + 103*o**2 + 25*o - 2599. Calculate a(103).
-24
Let i(n) = -2*n**3 + 2*n**2 + 38*n - 14. Calculate i(-5).
96
Let p(h) = -h**3 + 3*h**2 + 4*h - 8. Calculate p(2).
4
Let g(t) = 6*t**2 + 8*t + 112. Calculate g(11).
926
Let j(i) = i**3 + 5*i**2 - 31*i - 170. Give j(-5).
-15
Let h(w) = -w**2 - 22*w + 13. Give h(-11).
134
Let i(f) = -14*f**2 - 24*f + 41. Calculate i(-7).
-477
Let t(g) = g**3 + 17*g**2 - 200*g + 81. Give t(-25).
81
Let y(w) = -4*w**3 - 33*w**2 - 15*w - 51. Determine y(-8).
5
Let y(n) = -648*n + 1291. Give y(2).
-5
Let c(t) = -t**2 + 623*t + 3772. Give c(-6).
-2
Let j(v) = 648*v - 8445. Give j(13).
-21
Let i(y) = -35*y**2 - 148*y - 23. Give i(-4).
9
Let s(p) = p**3 + 44*p**2 - 57*p + 1595. Calculate s(-46).
-15
Let b(p) = p**3 - 14*p**2 - 207*p + 14. Determine b(23).
14
Let k(h) = 29*h + 488. Give k(-26).
-266
Let w(r) = r**3 - 25*r**2 - 52*r - 9. Calculate w(27).
45
Let g(o) = 58*o**2 - 29*o - 28. Give g(-1).
59
Let r(l) = l**3 + 17*l**2 - 95*l - 1366. Calculate r(-18).
20
Let d(q) = q**3 + 126*q**2 + 79*q - 5811. Give d(-125).
-61
Let g(w) = -w**3 + w**2 + 31*w + 36. Give g(-6).
102
Let b(o) = 322*o**2 + 958*o - 21. What is b(-3)?
3
Let m(k) = 999*k - 10984. What is m(11)?
5
Let z(p) = -105*p - 2224. Determine z(-24).
296
Let z(l) = -124*l**2 - 368*l + 23. Calculate z(-3).
11
Let p(m) = -m**3 + 121*m**2 + 73*m - 23154. Calculate p(120).
6
Let o(b) = -2*b**2 + 22*b + 122. Determine o(15).
2
Let i(k) = 17*k - 326. What is i(19)?
-3
Let u(v) = 491*v - 15712. Determine u(32).
0
Let c(f) = -f**3 - 15*f**2 - 9*f - 98. What is c(-15)?
37
Let x(j) = -2*j**2 + 49*j - 198. Determine x(18).
36
Let j(w) = -w**3 + 124*w**2 + 1775*w - 62. Calculate j(-13).
16
Let l(q) = 80*q**3 + 241*q**2 + q - 5. What is l(-3)?
1
Let r(k) = k**3 - 10*k**2 + 6*k + 17. What is r(2)?
-3
Let j(a) = -a**3 - 80*a**2 + 246*a - 248. Calculate j(-83).
1
Let q(d) = -d**2 - 27*d + 224. Calculate q(-33).
26
Let q(w) = -41*w**2 - 175*w - 42. Calculate q(-4).
2
Let u(m) = -m**3 + 19*m**2 + 61*m + 80. Calculate u(22).
-30
Let y(o) = 4947*o + 29719. What is y(-6)?
37
Let n(s) = -s**2 + 43*s - 532. Determine n(20).
-72
Let q(l) = -22*l**2 + 453*l - 256. Determine q(20).
4
Let o(a) = -a**3 + 302*a**2 + 564*a + 13365. Calculate o(304).
-11
Let l(c) = -17*c + 283. Calculate l(17).
-6
Let s(r) = 253*r - 4533. Determine s(18).
21
Let o(t) = -3*t**2 - 14*t - 62. What is o(-5)?
-67
Let u(t) = 2*t**2 + 338*t + 6963. Give u(-145).
3
Let z(w) = -1085*w - 56406. Calculate z(-52).
14
Let b(k) = 161*k + 1935. Determine b(-12).
3
Let o(v) = -2*v**3 - 123*v**2 + 64*v + 171. Give o(-62).
47
Let x(v) = -58074*v - 754964. Calculate x(-13).
-2
Let f(h) = 11*h - 62. What is f(-5)?
-117
Let b(f) = 15*f**3 - 197*f**2 + 34*f - 26. Give b(13).
78
Let t(a) = 3*a**2 - 54*a - 80. What is t(18)?
-80
Let c(x) = -x**2 - 63*x - 840. Give c(-42).
42
Let b(v) = -v**2 + 742*v + 3727. What is b(-5)?
-8
Let s(v) = 4868*v + 68154. Give s(-14).
2
Let q(b) = -7*b**2 + 2110*b - 899. Determine q(301).
4
Let c(m) = -2*m**3 - 14*m**2 + 62*m - 5. What is c(-10)?
-25
Let w(u) = -u**2 + 25*u + 548. Determine w(39).
2
Let a(t) = 172*t + 132. What is a(-1)?
-40
Let t(v) = -5323*v + 207589. What is t(39)?
-8
Let n(x) = -91*x - 9. Determine n(2).
-191
Let i(d) = 3*d**3 - 11*d**2 - 53*d + 176. Calculate i(5).
11
Let m(d) = -89*d + 338. Determine m(7).
-285
Let h(n) = 39*n**2 + 505*n - 15. Calculate h(-13).
11
Let s(r) = -r**3 + 3*r**2 + 23*r + 3. What is s(6)?
33
Let o(x) = x**2 + 4*x + 19. Calculate o(-10).
79
Let l(u) = -u**3 + 13*u**2 - 44*u + 26. Give l(8).
-6
Let m(q) = q**2 - 22*q - 52. Determine m(24).
-4
Let q(v) = 198*v**2 + 1581*v - 31. Determine q(-8).
-7
Let b(l) = -357*l - 3149. Give b(-9).
64
Let l(a) = -11*a**2 - 254*a - 261. Determine l(-22).
3
Let n(a) = -a**3 + 12*a**2 + 19*a - 440. What is n(10)?
-50
Let m(u) = 3*u**3 + 72*u**2 - 83*u - 80. What is m(-25)?
120
Let u(p) = 1255*p + 1257. Calculate u(-1).
2
Let k(z) = -z**3 + 27*z**2 - 45*z - 23. Give k(25).
102
Let f(d) = -d**2 - 75*d - 191. Give f(-73).
-45
Let l(b) = -13*b**3 + 52*b**2 - 10*b + 61. What is l(4)?
21
Let m(z) = 11*z + 287. Calculate m(-53).
-296
Let d(c) = -123*c**2 - 36*c - 55. What is d(-2)?
-475
Let y(j) = -22*j - 1759. Calculate y(-82).
45
Let q(v) = 1382*v + 16596. Give q(-12).
12
Let r(v) = -v**2 + 46*v - 120. Determine r(44).
-32
Let n(x) = 43*x - 3119. Determine n(76).
149
Let t(g) = 8*g**2 - 286*g - 285. Give t(-1).
9
Let a(t) = -t**3 + 15*t**2 - 1332*t + 18446. Calculate a(14).
-6
Let d(p) = -4*p**2 - 21*p + 394. What is d(-13)?
-9
Let k(t) = -t**2 - 17*t - 24. What is k(-17)?
-24
Let w(g) = -107*g - 2600. Calculate w(-25).
75
Let k(m) = -2*m**3 + 7*m**2 + 2*m - 5. Calculate k(3).
10
Let t(n) = n**2 - 16*n - 461. What is t(31)?
4
Let g(d) = d**3 - 2*d**2 - 17*d + 9. Calculate g(6).
51
Let x(d) = -202*d - 2220. Determine x(-11).
2
Let f(n) = 10*n**3 + 171*n**2 + 173*n - 47. Calculate f(-16).
1
Let q(p) = -p**2 + 3*p + 2455. Calculate q(-49).
-93
Let w(b) = -65*b - 493. Give w(-8).
27
Let u(f) = -f**3 + 3*f**2 - 4*f + 9. Calculate u(5).
-61
Let d(y) = -4*y**2 - 45*y - 14. Determine d(-8).
90
Let m(j) = -480*j - 26892. Determine m(-56).
-12
Let u(z) = -z**3 + 46*z**2 - 53*z + 176. Determine u(45).
-184
Let j(s) = 74*s**2 + 10*s - 41. Calculate j(0).
-41
Let d(b) = 2*b**2 + 16*b - 611. What is d(-22)?
5
Let l(a) = -295*a + 579. What is l(2)?
-11
Let p(a) = -a**3 - 16*a**2 + 21*a + 85. Calculate p(-17).
17
Let d(r) = -r**2 - 30*r + 80. What is d(-41)?
-371
Let m(u) = 20*u**2 + 6. Give m(2).
86
Let b(i) = i**2 - 3*i - 171. Determine b(15).
9
Let j(k) = k**3 + 8*k**2 + 7*k + 42. Determine j(-4).
78
Let h(d) = 5*d**2 + 89*d + 319. Determine h(-5).
-1
Let w(s) = 2*s**3 - 36*s**2 - 51*s - 51. Determine w(19).
-298
Let j(w) = 99*w - 682. What is j(7)?
11
Let s(q) = 35*q**2 - 521*q - 53. Determine s(15).
7
Let p(h) = 2*h - 22. What is p(11)?
0
Let k(q) = q**3 + 25*q**2 + 5*q + 1592. Give k(-27).
-1
Let d(k) = k**2 + 28*k + 168. Give d(-10).
-12
Let w(x) = x**3 - 4*x**2 + 241*x - 1497. Calculate w(6).
21
Let a(h) = -21*h - 175. Calculate a(-7).
-28
Let x(s) = -24*s**2 + 118*s + 19. Calculate x(5).
9
Let k(r) = -3*r**3 - 16*r**2 - 4*r - 2. Calculate k(-5).
-7
Let o(u) = -17*u**2 + 169*u - 33. Give o(10).
-43
Let r(c) = -5*c - 178. Give r(-33).
-13
Let x(q) = -q**2 - 47*q - 473. Give x(-17).
37
Let d(f) = -f**3 - 7*f**2 + 132*f - 401. Give d(6).
-77
Let j(i) = 80*i + 703. Determine j(-7).
143
Let o(h) = h**3 + 13*h**2 + 92*h + 1030. Calculate o(-12).
70
Let d(l) = l**3 - 7*l**2 + 10*l + 1. Give d(-3).
-119
Let v(k) = 3239*k - 9700. What is v(3)?
17
Let t(l) = -l**2 + 173*l - 3573. What is t(24)?
3
Let m(k) = k**2 + 1665*k - 5014. Give m(3).
-10
Let b(f) = f**3 - 223*f**2 + 1515*f - 11. Determine b(7).
10
Let b(j) = -147*j + 2873. Give b(19).
80
Let g(z) = 67*z - 1547. Calculate g(23).
-6
Let n(s) = -19*s**3 + 2*s**2 + 14*s - 31. Determine n(2).
-147
Let l(g) = -g**2 - 8*g + 2490. What is l(46)?
6
Let v(b) = 2*b**2 + 35*b + 119. Give v(-12).
-13
Let l(q) = -q**2 + 162*q + 998. Determine l(-6).
-10
Let k(y) = -21*y**2 - 395*y - 5. What is k(-19)?
-81
Let a(k) = k**3 - 58*k**2 + 66*k - 580. What is a(57)?
-67
Let m(x) = -3*x**2 - 39*x - 152. What is m(-6)?
-26
Let s(p) = -45*p - 696. Calculate s(-15).
-21
Let n(m) = 3*m**3 - 12*m**2 - 55*m + 186. What is n(3)?
-6
Let f(y) = y**3 - 51*y**2 + 49*y + 24. What is f(50)?
-26
Let i(n) = -2*n**3 + 66*n**2 + 4760*n - 4. What is i(-35)?
-4
Let u(g) = 4*g**2 - 21*g + 106. What is u(7)?
155
Let b(q) = -112*q + 1398. What is b(13)?
-58
Let j(h) = -42*h + 194. Determine j(3).
68
Let b(m) = -m**3 + 2*m**2 + 170*m + 581. Give b(-4).
-3
Let r(z) = 4*z**3 - 2*z**2 + 12*z - 12. Give r(1).
2
Let g(q) = 5*q**2 + 3*q - 333. Give g(-10).
137
Let q(o) = -23*o**2 - 53*o - 17. What is q(-2)?
-3
Let k(j) = j**3 + 52*j**2 - 112*j - 248. Calculate k(-54).
-32
Let c(x) = -813*x**3 - 2*x**2 + 11*x - 11. What is c(1)?
-815
Let b(i) = -5*i**2 - 123*i + 47. Calculate b(-25).
-3
Let k(h) = h**3 + 19*h**2